+ -2?
-5
What is the value of (-3 - -6) + 7 + -14?
-4
What is the value of -12 + 0 + 5 - -2 - -6?
1
What is the value of 0 + (3 - (-3 + (-2 - -7)))?
1
-5 + 1 + 6 + -8
-6
What is 4 + (-13 - (-7 - -4)) - -16?
10
Calculate (6 + -7 - -3) + -7.
-5
What is the value of 2 - (-3 + 5) - (4 + -4)?
0
What is 15 + 6 + -16 - (9 + 1)?
-5
What is the value of -1 - 3 - (3 - 8)?
1
Evaluate (5 - 2 - -7) + -4 + -2.
4
Evaluate 0 + -1 + -2 + 2.
-1
What is 3 - (5 + 1 + (-1 - 2))?
0
Evaluate 3 + -13 - (-8 + 0 + 2).
-4
What is the value of 10 + (-4 - 14) + 10?
2
4 - (1 + -3 + 7)
-1
What is the value of 5 + -8 + 6 + -4?
-1
-4 + (0 - (2 + -4))
-2
6 + (0 - -2 - -5 - 5)
8
Calculate 109 + -104 - (14 - 0).
-9
Calculate 8 + -5 + -4 + -4.
-5
Evaluate -1 - (-4 + (-5 - -7) - 3).
4
Calculate (-14 - -14) + (-1 - (2 - 0)).
-3
Calculate 3 + -1 + (8 + -8 - -3).
5
Evaluate (2 - 1 - 3) + (-8 - -5).
-5
Evaluate 2 - ((4 + -3 - -3) + -5).
3
Calculate 8 - (-8 - -31) - -9.
-6
What is the value of -1 + -2 + -4 + (3 - -1)?
-3
What is -3 + (1 + -2 - (17 + -28))?
7
What is 5 + -4 + (0 - (-1 - -4))?
-2
What is the value of (-2 + 0 - (0 - 1)) + 3?
2
What is the value of -11 + 12 + -12 + 7?
-4
Evaluate -6 + 1 + 13 + -7.
1
Evaluate -1 - (5 + -1 + -1 + -4).
0
0 + -2 - ((-20 - -9) + 4)
5
8 + (9 - 18) + 0
-1
-1 + -1 + (26 - 5) + -25
-6
What is the value of -1 - 2 - (-30 - -29)?
-2
Calculate 2 + 5 + (-10 - 13 - -7).
-9
16 + 4 + -29 + (-1 - -4)
-6
What is the value of 13 + -9 + (-3 - -2)?
3
What is 1 + (1 - 0 - 7)?
-5
Calculate (5 - 1) + (4 - 5).
3
Calculate 0 + (1 - -5) + -3 - 3.
0
Evaluate -7 + 6 + 6 + -6.
-1
14 + -15 + (1 - 0)
0
Evaluate -14 - (-7 + (-5 - 0)).
-2
What is 4 + 1 + -1 + 56 + -59?
1
Calculate -5 - 0 - (-24 - -21).
-2
16 - (-6 + 0 + 14)
8
Calculate -9 - (0 + -4 + 3 + 1).
-9
What is the value of 5 - ((-3 - (13 + -7)) + 8)?
6
Evaluate -6 - 2 - (-2 - 1 - -2).
-7
4 - 6 - (-1 - (0 + -2))
-3
What is the value of (5 - -5) + -8 + -6?
-4
Calculate -1 - 0 - ((8 - 5) + 0).
-4
Calculate 5 + 1 - 4 - 0.
2
What is the value of -13 - -7 - (-10 + 5)?
-1
Calculate (6 - 7) + 8 - 16.
-9
What is -3 + 19 + -2 + -7?
7
-8 + 5 + -2 + (-7 - -7)
-5
Evaluate -5 - ((-13 - -4) + 8).
-4
What is 55 + -59 + (0 - -4) + 0?
0
Evaluate 3 - ((7 - 4) + -1) - -4.
5
Calculate (1 + 7 - 0) + -4.
4
Calculate 1 + -1 + (-3 - (-7 - -3)).
1
What is (-7 - -10) + 2 + -1?
4
Evaluate (-15 - -18) + -1 + -1 - 3.
-2
Evaluate -1 - ((3 - 7) + -1).
4
Calculate -6 + 3 - (9 + -5 + -2).
-5
Evaluate 10 - (4 - (2 - 3)).
5
Calculate (-12 - -14 - 11) + (0 - 0).
-9
Calculate (-1 - 2) + 5 + (4 - 3).
3
What is -5 + 6 + -2 + (-3 - 0)?
-4
Evaluate (-6 - -5 - (3 + 0)) + 2.
-2
What is the value of 1 + -4 - (-5 - -2)?
0
Calculate -3 + (5 + 7 - (-3 - -4)).
8
6 - 5 - (6 + -1)
-4
Evaluate -12 + (3 - (-1 + -3)).
-5
What is the value of (10 - (-7 + 10)) + 1?
8
What is 20 + -12 + 0 + 6 - 7?
7
What is -16 + (-1 - (-5 + 1)) + 4?
-9
1 - (4 + -4 - 1)
2
0 - -1 - (-3 + 1)
3
-6 + 3 + 6 - (0 + 1)
2
What is (-23 - -20) + 2 + 7 + -7?
-1
Calculate 3 + (-1 - (-2 - (1 - 3))).
2
Evaluate 8 - 22 - -8 - -6.
0
-49 + 54 + (-2 - -2)
5
Calculate -6 - (2 + -4 + -1 + -1).
-2
9 + -3 - 4 - (-7 - -7)
2
Calculate -19 + (10 - -1) + (4 - 1).
-5
What is the value of 1 + 3 + -7 + 6?
3
What is (0 - 1) + (-1 - -1 - 5)?
-6
What is the value of (-7 - -10) + -4 - (-4 + 2)?
1
What is -14 + 14 + -3 + (-2 - 0)?
-5
123 + -115 - (-1 + 12)
-3
Calculate (-2 - (-6 - -7)) + -2.
-5
What is the value of -2 + 0 + 3 + 1 + -2?
0
Calculate 3 + (3 - 12) + -3 + 4.
-5
Calculate (4 - 13 - -13) + -6 + -2.
-4
What is -3 - 4 - (-51 - -47)?
-3
What is -6 - (-8 - -3) - (12 - 4)?
-9
What is the value of -2 - (-3 - (1 + 1))?
3
What is the value of (-2 - -1) + 1 + 0 + -3?
-3
What is -3 + 2 + -2 - (-3 - -4)?
-4
What is -3 + -5 - -6 - (0 - 6)?
4
Evaluate 7 + -2 + (6 - 9).
2
Calculate -4 + (0 - -1 - (-17 + 16)).
-2
What is (0 - (-4 + (2 - 2))) + -4?
0
Evaluate 9 - (9 - 6) - 0.
6
7 + 0 + 8 + -9
6
Evaluate -2 + (7 - 14 - -8) - -9.
8
What is 5 - (3 + -10 + 6)?
6
Evaluate 2 - 3 - (-3 + -2).
4
Calculate -2 + (-5 + -1 - -5 - -7).
4
(-2 - (4 + -8)) + 5 - 3
4
Calculate -3 + 1 - 1 - -2 - -5.
4
What is the value of (2 - -4) + 0 + -3 + 2?
5
(2 - -2) + (-4 - -1)
1
What is -4 + 0 + 7 + (-4 - -1)?
0
6 - 24 - (-10 + 0)
-8
Calculate (-2 - -4) + -14 + 11.
-1
Calculate 7 + 0 + -7 - (1 + 0).
-1
Evaluate -3 + (-3 - -3) - -1 - 1.
-3
What is the value of -1 - (-1 - (-3 + (5 - 4)))?
-2
Evaluate 1 - 0 - (8 - (-6 - -9)).
-4
3 + (1 + 4 - 5)
3
-5 - (1 + -3 - 3)
0
What is the value of 2 + (-4 - (5 + -3 - 3))?
-1
What is the value of 3 - -1 - (-2 - -1)?
5
What is 0 + -7 + (-5 - -15)?
3
What is the value of (-7 - (7 - 7 - 0)) + 3?
-4
Calculate -6 - (-1 + -3) - 2.
-4
Calculate (1 - 9) + (-23 - -18 - -5).
-8
Calculate 6 + 1 + 3 + -3 - 4.
3
What is the value of (0 - -1) + (-2 - -2) - -3?
4
Calculate -3 - (-1 + (-3 + 5 - -1)).
-5
Evaluate -216 + 218 + (-1 - 0).
1
What is the value of (-3 - -1) + -3 + 3 + 4?
2
Evaluate 2 + (-70 + 72 - (1 + 6)).
-3
What is the value of 5 - (-9 + 8 + 0)?
6
What is 3 + (0 - 1) + 0?
2
What is -4 + -5 + 8 + -2?
-3
Evaluate 4 - 1 - (2 - (5 - 3)).
3
Calculate -7 + (10 - 4) + 6.
5
-3 + -3 - -3 - -2 - 0
-1
What is the value of 8 + -11 + 5 + -3?
-1
What is (7 - 2) + (-3 - -1)?
3
What is 2 + 3 - (22 - 15)?
-2
What is 3 + -6 + (-2 + 10 - 0)?
5
Calculate 12 + (-4 - 3) + -6.
-1
What is (1 - 0) + (-74 - -68)?
-5
Evaluate -9 - (-1 + -4) - (-2 + 3).
-5
What is 11 + -11 + (1 - (-2 - -4))?
-1
Calculate 0 - -2 - (-2 + 11) - -1.
-6
Calculate -3 + -1 + 1 + 0 - 5.
-8
1 - (-3 - (-5 + 6))
5
(-6 - -4) + 3 + -4 + 6
3
Evaluate (5 - 5) + 2 + -5.
-3
Evaluate 15 - 21 - (-2 - 2).
-2
What is -5 - (1 + -4 + 2)?
-4
What is the value of 4 + -5 - 1 - (6 - 12)?
4
What is the value of -5 + 1 + 10 + (-7 - -3)?
2
What is (0 - -4) + (-1 - (1 + -2))?
4
(10 + -6 - 7) + -5
-8
What is (-11 - -5) + 3 + -2?
-5
Evaluate -16 + -2 + 7 + 5.
-6
Calculate 0 + 0 + 9 + -3.
6
What is 0 + -5 + (-47 - -59)?
7
4 - (-2 + -2 + 3)
5
-7 + -3 + 4 + 8
2
What is -11 + 9 + (-2 - -2) + -2?
-4
Calculate 1 + -5 + (-1 - -2).
-3
(1 - 16 - -7) + 2
-6
Calculate 0 - (11 + -10) - -1.
0
What is the value of -1 + 14 + (-5 - -2 - 4)?
6
What is -1 + 2 + 0 + (-2 - 1)?
-2
Calculate 4 - (1 + -3 - -3) - 3.
0
What is -2 - 1 - (-1 + (7 - 10))?
1
What is -12 - -6 - (-2 + 1 + -2)?
-3
What is the value of 11 + (-5 - (8 + -7))?
5
What is the value of -1 + 3 - 1 - -4?
5
What is the value of (-43 - -40) + (0 - 1 - 1)?
-5
7 + -13 - (-10 + 2)
2
Calculate -1 - (-5 - (-1 + -4 + 0)).
-1
Calculate (-10 - -4) + 2 - (-2 + -5).
3
Calculate -3 + -1 + 11 + -4.
3
What is -4 + 2 + -7 + (23 - 3)?
11
What is the value of 9 + (-6 - -8 - 7)?
4
-3 - (-2 - 1) - 1
-1
-7 + 17 + 7 + 2 + -16
3
What is the value of 4 + 1 + (1 - 1)?
5
Evaluate 6 + -12 + 6 - -3.
3
What is -8 + -1 + 0 - -7?
-2
What is (-280 - -281) + (0 - -7)?
8
What is the value of (-1 - -7) + (-1 - 3)?
2
What is the value of 4 + -1 + (0 - -4 - 11)?
-4
Evaluate 5 + (-1 - (0 - -4)).
0
2 - -1 - (6 + -16 + 10)
3
What is (-5 - -1 - 2) + 3 + 2?
-1
1 + -1 + (-1 + 1 - 1)
-1
What is (1 - -4 - 8) + -2?
-5
What is -45 + 51 + 1 + 0 + -13?
-6
Evaluate (-1 - 0) + (-3 - -7) + 0.
3
Calculate 10 + -12 + 0 + 5.
3
What is the value of -8 + (1 + -5 - -11 - 0)?
-1
-4 + 0 + -1 + (7 - 5)
-3
Calculate (-16 + 7 - -1) + 11.
3
Evaluate 4 + 1 - (0 + 4 + -1).
2
Calculate -2 + 5 + 1 + -5 - 4.
-5
What is the value of -3 + (-3 - 0) - -7?
1
9 - 14 - (-8 + (0 - 4))
7
What is the value of 5 - (-7 - (0 + -7 + -3))?
2
1 + (-2 - 1) + -5
-7
Calculate 5 - (14 + -14 - (-1 + -6)).
-2
What is 6 - (4 + -2 + 1)?
3
((-11 - -6) + 8 - 3) + 6
6
What is the value of 6 + -1 - (-10 - -3) - 4?
8
What is the value of 8 - ((-24 - -13) + 12)?
7
What is the value of (-11 - -10) + -6 - -11?
4
Evaluate 22 + (2 - 2) + -15.
7
Evaluate 11 - (5 + (-4 + 0 - -2)).
8
What is (8 + 18 + -4 - 7) + -7?
8
What is the value of (13 - (8 - -3)) + 6?
8
Calculate (-69 - -69) + -2 + 10.
8
Evaluate -17 - (-2 - 8) - (1 + -15).
7
Evaluate -3 + 4 - (-8 + 6).
3
Evaluate 11 - 16 - (-2 + -2).
-1
0 + 3 + -4 + 2
1
What is (-4 - (-3 - 4)) + -3?
0
Evaluate 1 + 0 + 19 + (-14 - -2).
8
4 - 3 - (-7 + 13) - -3
-2
-11 + 5 - (3 + -7)
-2
What is -29 + 33 + (1 - -1) - -1?
7
Evaluate -19 - (-24 - (-5 - 5)).
-5
Calculate 7 - 1 - (9 - 7).
4
(-1 - (1 + -7 - 9)) + -4
10
Wh